{"id":211,"date":"2021-03-16T12:12:50","date_gmt":"2021-03-16T12:12:50","guid":{"rendered":"http:\/\/msaludsgo.gov.ar\/web\/?page_id=211"},"modified":"2021-11-18T15:13:30","modified_gmt":"2021-11-18T15:13:30","slug":"telefonos-utiles","status":"publish","type":"page","link":"https:\/\/msaludsgo.gov.ar\/web\/telefonos-utiles\/","title":{"rendered":"Tel\u00e9fonos \u00datiles"},"content":{"rendered":"\n<p><strong>EMERGENCIA<\/strong>&nbsp;(que requiera atenci\u00f3n m\u00e9dica inmediata): 107 \/&nbsp; 0800 888 6737&nbsp;<br><br><strong>DENUNCIAR INCUMPLIMIENTO DE CUARENTENA:<\/strong>&nbsp;385-5072540 \/ 385-5072539 (cel) \/&nbsp;<br><br><strong>REPORTAR TU REGRESO A LA PROVINCIA:&nbsp;<\/strong>0385-421-3006 (fijo) \/ 385-5237077 (cel)\/&nbsp;385 5207867 385 4071186 (m\u00f3viles) de lunes a s\u00e1bados de 8 a 14 hs o al mail episantiagoms@yahoo.com.ar&nbsp;<br><br><strong>INFORMACI\u00d3N SOBRE DENGUE:&nbsp;<\/strong>385-5246171 (cel)&nbsp;<br><br><strong>DONACI\u00d3N VOLUNTARIA DE SANGRE:&nbsp;<\/strong>385-5253993 (cel)&nbsp;<br><br><strong>PROGRAMA DE VIH:<\/strong>&nbsp;385-6268469 &#8211; 385-4820229 (cel)&nbsp;<br><br><strong>PROGRAMA DE DIABETES PRODIASE<\/strong>&nbsp;(DE 8 A 12 HS): 385-4283030 (fijo) \/ 385-6985900 \/ 385-5141379 (cel)&nbsp;<br><br><strong>INCLUIR SALUD:&nbsp;<\/strong>385- 421-5738 \/ 424-0836 (fijo)Tambi\u00e9n puede comunicarse mediante correo electr\u00f3nico:&nbsp;<br>\u2022 Depto. Di\u00e1lisis, Trasplante y Discapacidad: dialisisincluir.ugp.sgo@gmail.com&nbsp;<br>\u2022 Depto. Medicaci\u00f3n Alto Costo: pacbi_incluirsalud_sgo@outlook.es&nbsp;<br>\u2022 Depto. Compras: dpto.compras.incluirsalud.sgo@gmail.com&nbsp;\u2022 Depto. Legales: incluir.legales@gmail.com&nbsp;<br>\u2022 Despacho: despachoincluir@gmail.com&nbsp;<br>\u2022 Dpto: Asistentes Sociales: asistentesprofe@hotmail.com.ar&nbsp;&nbsp;<br><br><strong>PROGRAMA PROVINCIAL DE INMUNIZACIONES:<\/strong>&nbsp;385-4071276 (cel)&nbsp;<br><br><strong>AREA DE SALUD MENTAL MINISTERIO DE SALUD:<\/strong>&nbsp;385-5730479 \/ 385-4874481 (cel)<br><br><strong>GUARDIA SALUD MENTAL DEL HOSPITAL REGIONAL:<\/strong>&nbsp;385 \u2013 4243131 (fijo)<br><br><strong>GUARDIA SALUD MENTAL HOSPITAL DIEGO ALCORTA:&nbsp;<\/strong>385 \u2013 4315040 (fijo)&nbsp;<br><br><strong>SUBPROGRAMA PROVINCIAL DE ADOLESCENCIA:&nbsp;<\/strong>3858689661&nbsp;contacto por MP a sus redes. Facebook @adolescentes-de-santiago-del-estero o al Instagram;&nbsp; @adolescentes.sgodelestero&nbsp;&nbsp;<br><br><strong>PROGRAMA DE SALUD SEXUAL Y REPRODUCTIVA:&nbsp;<\/strong>contacto por MP a sus redes. Instagram:&nbsp; @Hablemos_ssyr&nbsp;<br><br><strong>CEPSI (CENTRO PROVINCIAL DE SALUD INFANTIL)N\u00famero gratuito las 24 hs: 0800 777 2377<\/strong>&nbsp;<br>\u2022 <strong>Consultorio externo:&nbsp;<\/strong>de Lunes a Viernes de 8 a 20 horas<br>\u2022 <strong>Guardia:&nbsp;<\/strong>de 20 hs a 8 hs.&nbsp; 385 &#8211; 421 6890 \/ 4210815 \/4225449 (fijos)<br>\u2022 <strong>Servicio de Cirug\u00eda&nbsp;<\/strong>(Consultas informativas y dudas sobre reprogramaci\u00f3n de cirug\u00edas): 385 \u2013 4889588<br>\u2022 <strong>Pediatr\u00eda en l\u00ednea:<\/strong>&nbsp;Respuesta a consultas de m\u00e9dicos del interior, Consultorio virtual con especialistas para pacientes cr\u00f3nicos. De lunes a viernes de 8 a 12.&nbsp; 385-4228048 (fijo)<br>\u2022 <strong>Vacunaci\u00f3n&nbsp;<\/strong>(consultas y turnos): Lunes a viernes de 8 a 18 hs 385 421-6890 \/ 4210812 interno 1051&nbsp;<br><br><strong>CISB (CENTRO INTEGRAL DE SALUD LA BANDA)&nbsp;<\/strong><br>\u2022<strong> Emergencias:<\/strong>&nbsp;385-4254480 &#8211; 385 4254481 &#8211; 385-4254482 &#8211; 385-6254883 (Fijos)<br>\u2022<strong> Consulta Pedi\u00e1trica<\/strong>&nbsp;(desde las 6.00 hasta las 24.00): Celulares: 3856-254864 \/ 3856-254886<br>\u2022 <strong>Consulta Adultos&nbsp;<\/strong>(desde las 6.00 hasta las 24.00): Celulares: 3856-254863 &#8211; 3856-254886<br>\u2022 <strong>Consulta Obstetricia<\/strong>. Celulares: &nbsp;3854888415 \/ 3854862266 \/ 3856254857&nbsp;<br>\u2022 <strong>ALERTA BANDA<\/strong>: 385-5140924 (cel)\/ 6002203 (fijo)&nbsp;<br><br><strong>DENUNCIA POR VIOLENCIA DE G\u00c9NERO:&nbsp; <\/strong><br><strong>&nbsp;<\/strong>\u2022 <strong>N\u00fameros Nacionales:<\/strong>&nbsp;L\u00ednea 144 (Violencia de G\u00e9nero) \/ L\u00ednea 911 (Urgencias)<strong>En Santiago del Estero:<\/strong><br>\u2022 <strong>Direcci\u00f3n de G\u00e9nero:&nbsp;<\/strong>385 -155054514 (cel)\/ 0385- 155072526 (cel) \/ 0385 &#8211; 4242016 (fijo)<br>\u2022<strong> Unidad Fiscal de Violencia de G\u00e9nero:<\/strong>&nbsp;385-4966155 (fijo)<br>\u2022 <strong>Oficina de Protecci\u00f3n a las V\u00edctimas de Violencia Familiar y la Mujer:<\/strong>&nbsp; 385 &#8211; 4507773 \/ 0385-4507774 (fijos) \/ 0800-888-6832 (gratuito)<br>\u2022 <strong>Ministerio P\u00fablico Fiscal de la Provincia.&nbsp;<\/strong>Sistema virtual para realizaci\u00f3n de Denuncias&nbsp;Email: recepciondenuncias@mpfsde.gob.arRequisitos para enviar una denuncia: Nombre y Apellido, DNI, Domicilio y tel de contacto de la o del denunciante. Datos de la persona a qui\u00e9n se denuncia. Relato de los hechos con todos los detalles posibles. Si es por violencia de g\u00e9nero se debe indicar si se trata de una pareja o ex pareja y si es conviviente o no.<\/p>\n","protected":false},"excerpt":{"rendered":"<p>EMERGENCIA&nbsp;(que requiera atenci\u00f3n m\u00e9dica inmediata): 107 \/&nbsp; 0800 888 6737&nbsp; DENUNCIAR INCUMPLIMIENTO DE CUARENTENA:&nbsp;385-5072540 \/ 385-5072539 (cel) \/&nbsp; REPORTAR TU REGRESO A LA PROVINCIA:&nbsp;0385-421-3006 (fijo) \/ 385-5237077 (cel)\/&nbsp;385 5207867 385 4071186 (m\u00f3viles) de lunes a s\u00e1bados de 8 a 14 hs o al mail episantiagoms@yahoo.com.ar&nbsp; INFORMACI\u00d3N SOBRE DENGUE:&nbsp;385-5246171 (cel)&nbsp; DONACI\u00d3N VOLUNTARIA DE SANGRE:&nbsp;385-5253993 (cel)&nbsp; PROGRAMA [&hellip;]<\/p>\n","protected":false},"author":2,"featured_media":0,"parent":0,"menu_order":0,"comment_status":"closed","ping_status":"closed","template":"","meta":{"footnotes":""},"class_list":["post-211","page","type-page","status-publish","hentry"],"aioseo_notices":[],"_links":{"self":[{"href":"https:\/\/msaludsgo.gov.ar\/web\/wp-json\/wp\/v2\/pages\/211","targetHints":{"allow":["GET"]}}],"collection":[{"href":"https:\/\/msaludsgo.gov.ar\/web\/wp-json\/wp\/v2\/pages"}],"about":[{"href":"https:\/\/msaludsgo.gov.ar\/web\/wp-json\/wp\/v2\/types\/page"}],"author":[{"embeddable":true,"href":"https:\/\/msaludsgo.gov.ar\/web\/wp-json\/wp\/v2\/users\/2"}],"replies":[{"embeddable":true,"href":"https:\/\/msaludsgo.gov.ar\/web\/wp-json\/wp\/v2\/comments?post=211"}],"version-history":[{"count":2,"href":"https:\/\/msaludsgo.gov.ar\/web\/wp-json\/wp\/v2\/pages\/211\/revisions"}],"predecessor-version":[{"id":3601,"href":"https:\/\/msaludsgo.gov.ar\/web\/wp-json\/wp\/v2\/pages\/211\/revisions\/3601"}],"wp:attachment":[{"href":"https:\/\/msaludsgo.gov.ar\/web\/wp-json\/wp\/v2\/media?parent=211"}],"curies":[{"name":"wp","href":"https:\/\/api.w.org\/{rel}","templated":true}]}}